n 92584 is divided by 23142.
16
Calculate the remainder when 22428018 is divided by 145.
143
Calculate the remainder when 406270 is divided by 587.
66
Calculate the remainder when 522061 is divided by 87006.
25
What is the remainder when 3623833 is divided by 5689?
5629
Calculate the remainder when 60559 is divided by 74.
27
Calculate the remainder when 315604 is divided by 9.
1
What is the remainder when 100598 is divided by 486?
482
Calculate the remainder when 6298349 is divided by 660.
629
Calculate the remainder when 299180726 is divided by 5159.
5157
Calculate the remainder when 2005591 is divided by 206.
181
What is the remainder when 611225 is divided by 14393?
6719
What is the remainder when 32815024 is divided by 3220?
4
Calculate the remainder when 43485833 is divided by 457.
455
What is the remainder when 20094970 is divided by 60?
10
Calculate the remainder when 2067122 is divided by 4389.
4292
Calculate the remainder when 27546 is divided by 8178.
3012
What is the remainder when 2797991 is divided by 2025?
1466
Calculate the remainder when 488489 is divided by 122086.
145
Calculate the remainder when 119852 is divided by 3419.
187
What is the remainder when 63199710 is divided by 146635?
25
Calculate the remainder when 20036 is divided by 1530.
146
What is the remainder when 60371 is divided by 5482?
69
Calculate the remainder when 215504 is divided by 35905.
74
Calculate the remainder when 7757643 is divided by 4757.
3733
Calculate the remainder when 7117557 is divided by 74.
15
What is the remainder when 187205 is divided by 45945?
3425
What is the remainder when 631898 is divided by 2358?
2312
Calculate the remainder when 30718723 is divided by 1224.
1219
What is the remainder when 4666759 is divided by 2375?
2259
What is the remainder when 137484523 is divided by 1091?
1067
What is the remainder when 12998869 is divided by 16?
5
What is the remainder when 11892 is divided by 1756?
1356
Calculate the remainder when 8703709 is divided by 275.
234
Calculate the remainder when 305192 is divided by 30517.
22
Calculate the remainder when 52504 is divided by 2901.
286
What is the remainder when 3279173 is divided by 1042?
1041
Calculate the remainder when 450898 is divided by 67.
55
Calculate the remainder when 8726820 is divided by 2181697.
32
What is the remainder when 77422 is divided by 2977?
20
What is the remainder when 15604880 is divided by 108?
68
What is the remainder when 62519 is divided by 4832?
4535
What is the remainder when 384725579 is divided by 7042?
7035
Calculate the remainder when 24961 is divided by 12439.
83
What is the remainder when 3515955 is divided by 69?
60
Calculate the remainder when 10661871 is divided by 2665453.
59
Calculate the remainder when 745139 is divided by 75.
14
Calculate the remainder when 3044535 is divided by 273.
39
Calculate the remainder when 6500468 is divided by 542.
262
Calculate the remainder when 1445855 is divided by 56.
47
Calculate the remainder when 58479 is divided by 10719.
4884
Calculate the remainder when 10683842 is divided by 2670959.
6
What is the remainder when 208879 is divided by 2028?
2023
Calculate the remainder when 37507 is divided by 4040.
1147
What is the remainder when 449620 is divided by 1585?
1065
Calculate the remainder when 38510 is divided by 3488.
142
What is the remainder when 1852177 is divided by 921?
46
Calculate the remainder when 60488918 is divided by 168.
14
What is the remainder when 23722137 is divided by 2313?
9
Calculate the remainder when 9201749 is divided by 9201740.
9
Calculate the remainder when 265320 is divided by 1175.
945
Calculate the remainder when 271878 is divided by 134274.
3330
Calculate the remainder when 62977 is divided by 31416.
145
What is the remainder when 34739 is divided by 32284?
2455
Calculate the remainder when 1888145 is divided by 18510.
125
What is the remainder when 5172836 is divided by 110059?
63
What is the remainder when 10233 is divided by 1828?
1093
What is the remainder when 78354049 is divided by 1377?
1372
Calculate the remainder when 226722 is divided by 153.
129
Calculate the remainder when 6391196 is divided by 1685.
1676
Calculate the remainder when 239842783 is divided by 82.
81
Calculate the remainder when 1604046 is divided by 534680.
6
Calculate the remainder when 362364 is divided by 30195.
24
What is the remainder when 5317044 is divided by 284?
280
Calculate the remainder when 2255303 is divided by 37.
5
What is the remainder when 74486963 is divided by 215?
213
Calculate the remainder when 842595 is divided by 305.
185
Calculate the remainder when 2402163 is divided by 49.
36
What is the remainder when 8256799 is divided by 193?
66
What is the remainder when 23559 is divided by 4730?
4639
What is the remainder when 155953 is divided by 16920?
3673
What is the remainder when 2259121 is divided by 2086?
2069
What is the remainder when 25025937 is divided by 1472113?
16
What is the remainder when 561572224 is divided by 142?
138
Calculate the remainder when 12335363 is divided by 1419.
1415
Calculate the remainder when 122186 is divided by 793.
64
Calculate the remainder when 10111023 is divided by 29.
28
What is the remainder when 31284371 is divided by 131?
130
What is the remainder when 2673715 is divided by 668391?
151
Calculate the remainder when 169305 is divided by 7040.
345
Calculate the remainder when 46965090 is divided by 21.
18
What is the remainder when 366832 is divided by 259?
88
What is the remainder when 96879 is divided by 15883?
1581
What is the remainder when 96487 is divided by 1244?
699
Calculate the remainder when 378147935 is divided by 163.
160
Calculate the remainder when 28038035 is divided by 14019015.
5
Calculate the remainder when 325525 is divided by 54254.
1
What is the remainder when 358779 is divided by 18862?
401
Calculate the remainder when 3417982 is divided by 1946.
806
What is the remainder when 4400482 is divided by 583?
581
What is the remainder when 1383696 is divided by 428?
400
Calculate the remainder when 2388023 is divided by 4342.
4265
What is the remainder when 41764996 is divided by 44?
20
Calculate the remainder when 222810151 is divided by 46.
43
What is the remainder when 145982 is divided by 47212?
4346
What is the remainder when 1534839 is divided by 175?
89
What is the remainder when 11642 is divided by 5746?
150
Calculate the remainder when 175876 is divided by 24981.
1009
What is the remainder when 766608945 is divided by 238?
235
What is the remainder when 17245989 is divided by 24?
21
What is the remainder when 95848 is divided by 223?
181
Calculate the remainder when 16068125 is divided by 509.
13
What is the remainder when 2714034 is divided by 131?
107
What is the remainder when 8578103 is divided by 689?
53
Calculate the remainder when 766420 is divided by 318.
40
Calculate the remainder when 41352 is divided by 2587.
2547
What is the remainder when 5708044 is divided by 5256?
28
What is the remainder when 32445136 is divided by 643?
642
Calculate the remainder when 3968713 is divided by 5.
3
Calculate the remainder when 439816 is divided by 73179.
742
What is the remainder when 18257 is divided by 4115?
1797
What is the remainder when 727115 is divided by 23455?
10
Calculate the remainder when 2637242 is divided by 139.
134
What is the remainder when 1356279 is divided by 5361?
5307
Calculate the remainder when 272622 is divided by 135955.
712
What is the remainder when 4554407 is divided by 2277170?
67
Calculate the remainder when 44400453 is divided by 12.
9
Calculate the remainder when 184948 is divided by 9733.
21
Calculate the remainder when 7069268 is divided by 1451.
1447
What is the remainder when 120259 is divided by 39633?
1360
What is the remainder when 270309 is divided by 192?
165
What is the remainder when 114757972 is divided by 40479?
7
Calculate the remainder when 461387 is divided by 115336.
43
Calculate the remainder when 2934015 is divided by 295.
240
Calculate the remainder when 429583319 is divided by 32.
23
What is the remainder when 1092304 is divided by 1211?
1193
What is the remainder when 67172 is divided by 115?
12
Calculate the remainder when 323525482 is divided by 1332.
1330
What is the remain